is the greatest common divisor of 492 and 3?
3
What is the greatest common divisor of 368 and 322?
46
What is the greatest common factor of 612 and 45?
9
Calculate the greatest common factor of 1040 and 2960.
80
What is the greatest common divisor of 200 and 725?
25
What is the highest common divisor of 568 and 71?
71
Calculate the highest common factor of 2580 and 60.
60
What is the highest common factor of 51 and 4029?
51
What is the highest common divisor of 245 and 18620?
245
What is the greatest common divisor of 437 and 38?
19
What is the highest common factor of 15 and 35?
5
Calculate the greatest common divisor of 43 and 9.
1
What is the greatest common factor of 210 and 915?
15
Calculate the greatest common factor of 13 and 325.
13
What is the greatest common divisor of 52 and 5954?
26
What is the greatest common factor of 3942 and 6?
6
What is the highest common divisor of 7889 and 161?
161
Calculate the highest common factor of 6 and 2.
2
What is the highest common factor of 175 and 325?
25
What is the highest common factor of 27 and 7056?
9
Calculate the highest common factor of 4 and 108.
4
What is the highest common factor of 7 and 707?
7
Calculate the highest common factor of 2 and 3.
1
Calculate the greatest common divisor of 646 and 38.
38
What is the greatest common divisor of 295 and 3127?
59
What is the highest common divisor of 64 and 112?
16
Calculate the highest common divisor of 72 and 288.
72
What is the greatest common divisor of 8 and 7688?
8
Calculate the highest common factor of 440 and 264.
88
What is the highest common divisor of 44 and 198?
22
Calculate the greatest common divisor of 30 and 30405.
15
Calculate the greatest common divisor of 1000 and 640.
40
What is the greatest common divisor of 66 and 506?
22
What is the greatest common divisor of 4 and 34?
2
Calculate the greatest common divisor of 42 and 672.
42
What is the highest common factor of 8217 and 231?
33
Calculate the greatest common factor of 3402 and 108.
54
What is the greatest common factor of 20 and 64?
4
What is the greatest common divisor of 2268 and 924?
84
Calculate the greatest common factor of 77 and 66.
11
What is the highest common divisor of 27071 and 107?
107
What is the greatest common divisor of 63 and 14?
7
Calculate the greatest common divisor of 7 and 3.
1
What is the greatest common divisor of 15 and 10995?
15
Calculate the greatest common divisor of 2816 and 1584.
176
What is the greatest common divisor of 26 and 208?
26
What is the greatest common factor of 574 and 406?
14
What is the greatest common factor of 5 and 410?
5
Calculate the highest common divisor of 441 and 9.
9
What is the greatest common divisor of 410 and 270?
10
Calculate the greatest common factor of 23042 and 246.
82
What is the highest common factor of 528 and 80?
16
Calculate the highest common factor of 70 and 27580.
70
Calculate the highest common factor of 1 and 23.
1
Calculate the greatest common factor of 23 and 6417.
23
Calculate the greatest common divisor of 222 and 370.
74
Calculate the greatest common divisor of 42 and 4.
2
What is the highest common divisor of 8866 and 286?
286
Calculate the greatest common divisor of 40 and 680.
40
Calculate the highest common divisor of 1782 and 22.
22
What is the greatest common factor of 2068 and 44?
44
What is the highest common divisor of 92 and 805?
23
What is the highest common factor of 5302 and 1205?
241
Calculate the greatest common divisor of 6251 and 665.
133
What is the highest common factor of 4202 and 154?
22
Calculate the highest common divisor of 16200 and 81.
81
What is the greatest common factor of 315 and 225?
45
Calculate the greatest common divisor of 840 and 915.
15
Calculate the greatest common factor of 48 and 273.
3
What is the highest common factor of 506 and 161?
23
What is the highest common divisor of 1116 and 108?
36
Calculate the highest common factor of 42 and 18186.
42
What is the greatest common factor of 12696 and 46?
46
What is the highest common divisor of 656 and 574?
82
What is the highest common factor of 6014 and 776?
194
Calculate the greatest common divisor of 25 and 16950.
25
Calculate the highest common factor of 70 and 2590.
70
What is the highest common divisor of 109062 and 83?
83
Calculate the greatest common divisor of 1029 and 7.
7
What is the highest common divisor of 2527 and 323?
19
Calculate the greatest common factor of 1679 and 2263.
73
Calculate the highest common factor of 10946 and 13.
13
Calculate the greatest common factor of 4 and 332.
4
Calculate the highest common divisor of 1393 and 3781.
199
Calculate the highest common factor of 160 and 200.
40
What is the greatest common divisor of 222 and 27750?
222
Calculate the greatest common divisor of 70 and 350.
70
What is the greatest common divisor of 917 and 3013?
131
What is the highest common divisor of 4103 and 77?
11
What is the highest common factor of 14990 and 10?
10
Calculate the greatest common factor of 332 and 498.
166
What is the highest common factor of 1939 and 49?
7
Calculate the highest common factor of 118 and 2.
2
Calculate the highest common factor of 112 and 240.
16
What is the highest common factor of 100 and 225?
25
Calculate the highest common factor of 64 and 7008.
32
What is the highest common factor of 3341 and 13?
13
Calculate the greatest common factor of 154 and 14.
14
What is the highest common divisor of 125 and 1?
1
Calculate the highest common divisor of 57 and 9709.
19
What is the greatest common factor of 380 and 1940?
20
What is the greatest common factor of 240 and 150?
30
What is the highest common divisor of 312 and 426?
6
Calculate the greatest common factor of 267 and 623.
89
Calculate the greatest common divisor of 70 and 90.
10
Calculate the greatest common factor of 36 and 13212.
36
Calculate the greatest common factor of 306 and 952.
34
Calculate the highest common divisor of 968 and 352.
88
What is the highest common divisor of 2145 and 26?
13
What is the highest common divisor of 131 and 4192?
131
What is the greatest common divisor of 420 and 196?
28
What is the highest common factor of 528 and 4026?
66
What is the highest common divisor of 387 and 9?
9
What is the highest common factor of 18 and 39?
3
What is the greatest common factor of 620 and 2356?
124
Calculate the greatest common factor of 2274 and 6.
6
What is the greatest common factor of 1050 and 756?
42
What is the highest common divisor of 725 and 125?
25
What is the greatest common factor of 32 and 10976?
32
What is the highest common divisor of 65 and 1040?
65
Calculate the highest common factor of 2728 and 176.
88
What is the highest common factor of 245 and 945?
35
What is the greatest common divisor of 146 and 35113?
73
Calculate the highest common factor of 44 and 28.
4
Calculate the greatest common factor of 473 and 33.
11
What is the highest common divisor of 259 and 259?
259
Calculate the highest common factor of 3762 and 18.
18
What is the highest common factor of 4617 and 57?
57
Calculate the greatest common divisor of 12 and 16.
4
What is the greatest common factor of 10 and 6560?
10
What is the greatest common divisor of 42 and 350?
14
What is the greatest common divisor of 2145 and 220?
55
Calculate the greatest common divisor of 71 and 1207.
71
What is the highest common factor of 2054 and 130?
26
What is the highest common factor of 4496 and 48?
16
What is the highest common divisor of 40 and 4208?
8
Calculate the highest common divisor of 360 and 40.
40
What is the greatest common factor of 140 and 13930?
70
Calculate the highest common divisor of 1530 and 90.
90
What is the greatest common divisor of 426 and 4118?
142
Calculate the highest common factor of 56 and 672.
56
What is the greatest common factor of 102 and 3774?
102
What is the highest common divisor of 5 and 82?
1
What is the highest common divisor of 1 and 13?
1
What is the highest common factor of 30 and 3390?
30
Calculate the highest common factor of 16994 and 879.
293
What is the highest common divisor of 158 and 869?
79
What is the highest common factor of 37688 and 8?
8
What is the greatest common factor of 2875 and 125?
125
What is the highest common divisor of 30 and 210?
30
What is the greatest co